{"id":13,"date":"2024-02-05T16:55:42","date_gmt":"2024-02-05T15:55:42","guid":{"rendered":"https:\/\/futurgold.com\/eche\/?page_id=13"},"modified":"2024-02-05T18:09:37","modified_gmt":"2024-02-05T17:09:37","slug":"lehrend-taetigkeit-als-dozentin","status":"publish","type":"page","link":"https:\/\/www.eche.at\/en\/lehrend-taetigkeit-als-dozentin\/","title":{"rendered":"lehrend &#8211; T\u00e4tigkeit als Dozentin"},"content":{"rendered":"<figure class=\"wp-block-image size-full\"><img loading=\"lazy\" decoding=\"async\" width=\"800\" height=\"500\" src=\"http:\/\/www.eche.at\/wp-content\/uploads\/2024\/02\/foto_eche_unterrichtend-1.jpg\" alt=\"\" class=\"wp-image-73\" srcset=\"https:\/\/www.eche.at\/wp-content\/uploads\/2024\/02\/foto_eche_unterrichtend-1.jpg 800w, https:\/\/www.eche.at\/wp-content\/uploads\/2024\/02\/foto_eche_unterrichtend-1-300x188.jpg 300w, https:\/\/www.eche.at\/wp-content\/uploads\/2024\/02\/foto_eche_unterrichtend-1-768x480.jpg 768w\" sizes=\"auto, (max-width: 800px) 100vw, 800px\" \/><\/figure>\n\n\n\n<p>T\u00e4tigkeit als Dozentin an der\/am&nbsp;<\/p>\n\n\n\n<p>MUK &#8211; Musik und Kunst Privatuniversit\u00e4t der Stadt Wien im Studiengang Master of Arts Education&nbsp; (seit 2017)<\/p>\n\n\n\n<p>Leopold-Mozart-Zentrum der Universit\u00e4t Augsburg im Studiengang Musikvermittlung\/Konzertp\u00e4dagogik (bis 2022)<\/p>\n\n\n\n<p><\/p>\n\n\n\n<p>Als Referentin wird sie u.a. eingeladen in der&nbsp;<\/p>\n\n\n\n<p>Anton Bruckner Privatuniversit\u00e4t Linz<\/p>\n\n\n\n<p>Private P\u00e4dagogische Hochschule der Di\u00f6zese Linz<\/p>\n\n\n\n<p>P\u00e4dagogische Hochschule Ober\u00f6sterreich&nbsp;<\/p>\n\n\n\n<p>HfM Detmold<\/p>\n\n\n\n<p>Lugert Verlag<\/p>\n\n\n\n<p>Mitglied des Forums Musikvermittlung an Hochschulen und Universit\u00e4ten<\/p>\n\n\n\n<p><a href=\"https:\/\/forum-musikvermittlung.eu\/\">http:\/\/www.forum-musikvermittlung.eu<\/a><\/p>","protected":false},"excerpt":{"rendered":"<p>T\u00e4tigkeit als Dozentin an der\/am&nbsp; MUK &#8211; Musik und Kunst Privatuniversit\u00e4t der Stadt Wien im Studiengang Master of Arts Education&nbsp; (seit 2017) Leopold-Mozart-Zentrum der Universit\u00e4t Augsburg im Studiengang Musikvermittlung\/Konzertp\u00e4dagogik (bis 2022) Als Referentin wird sie u.a. eingeladen in der&nbsp; Anton Bruckner Privatuniversit\u00e4t Linz Private P\u00e4dagogische Hochschule der Di\u00f6zese Linz P\u00e4dagogische Hochschule Ober\u00f6sterreich&nbsp; HfM Detmold Lugert&hellip;&nbsp;<a href=\"https:\/\/www.eche.at\/en\/lehrend-taetigkeit-als-dozentin\/\" rel=\"bookmark\">Read More &raquo;<span class=\"screen-reader-text\">lehrend &#8211; T\u00e4tigkeit als Dozentin<\/span><\/a><\/p>","protected":false},"author":1,"featured_media":0,"parent":0,"menu_order":0,"comment_status":"closed","ping_status":"closed","template":"","meta":{"neve_meta_sidebar":"","neve_meta_container":"","neve_meta_enable_content_width":"","neve_meta_content_width":0,"neve_meta_title_alignment":"","neve_meta_author_avatar":"","neve_post_elements_order":"","neve_meta_disable_header":"","neve_meta_disable_footer":"","neve_meta_disable_title":"","footnotes":""},"class_list":["post-13","page","type-page","status-publish","hentry"],"_links":{"self":[{"href":"https:\/\/www.eche.at\/en\/wp-json\/wp\/v2\/pages\/13","targetHints":{"allow":["GET"]}}],"collection":[{"href":"https:\/\/www.eche.at\/en\/wp-json\/wp\/v2\/pages"}],"about":[{"href":"https:\/\/www.eche.at\/en\/wp-json\/wp\/v2\/types\/page"}],"author":[{"embeddable":true,"href":"https:\/\/www.eche.at\/en\/wp-json\/wp\/v2\/users\/1"}],"replies":[{"embeddable":true,"href":"https:\/\/www.eche.at\/en\/wp-json\/wp\/v2\/comments?post=13"}],"version-history":[{"count":2,"href":"https:\/\/www.eche.at\/en\/wp-json\/wp\/v2\/pages\/13\/revisions"}],"predecessor-version":[{"id":84,"href":"https:\/\/www.eche.at\/en\/wp-json\/wp\/v2\/pages\/13\/revisions\/84"}],"wp:attachment":[{"href":"https:\/\/www.eche.at\/en\/wp-json\/wp\/v2\/media?parent=13"}],"curies":[{"name":"wp","href":"https:\/\/api.w.org\/{rel}","templated":true}]}}

lehrend &#8211; Tätigkeit als Dozentin

<figure class="wp-block-image size-full"><img loading="lazy" decoding="async" width="800" height="500" src="http://www.eche.at/wp-content/uploads/2024/02/foto_eche_unterrichtend-1.jpg" alt="" class="wp-image-73" srcset="https://www.eche.at/wp-content/uploads/2024/02/foto_eche_unterrichtend-1.jpg 800w, https://www.eche.at/wp-content/uploads/2024/02/foto_eche_unterrichtend-1-300x188.jpg 300w, https://www.eche.at/wp-content/uploads/2024/02/foto_eche_unterrichtend-1-768x480.jpg 768w" sizes="auto, (max-width: 800px) 100vw, 800px" /></figure>



<p>Tätigkeit als Dozentin an der/am&nbsp;</p>



<p>MUK &#8211; Musik und Kunst Privatuniversität der Stadt Wien im Studiengang Master of Arts Education&nbsp; (seit 2017)</p>



<p>Leopold-Mozart-Zentrum der Universität Augsburg im Studiengang Musikvermittlung/Konzertpädagogik (bis 2022)</p>



<p></p>



<p>Als Referentin wird sie u.a. eingeladen in der&nbsp;</p>



<p>Anton Bruckner Privatuniversität Linz</p>



<p>Private Pädagogische Hochschule der Diözese Linz</p>



<p>Pädagogische Hochschule Oberösterreich&nbsp;</p>



<p>HfM Detmold</p>



<p>Lugert Verlag</p>



<p>Mitglied des Forums Musikvermittlung an Hochschulen und Universitäten</p>



<p><a href="https://forum-musikvermittlung.eu/">http://www.forum-musikvermittlung.eu</a></p>

<p>Tätigkeit als Dozentin an der/am&nbsp; MUK &#8211; Musik und Kunst Privatuniversität der Stadt Wien im Studiengang Master of Arts Education&nbsp; (seit 2017) Leopold-Mozart-Zentrum der Universität Augsburg im Studiengang Musikvermittlung/Konzertpädagogik (bis 2022) Als Referentin wird sie u.a. eingeladen in der&nbsp; Anton Bruckner Privatuniversität Linz Private Pädagogische Hochschule der Diözese Linz Pädagogische Hochschule Oberösterreich&nbsp; HfM Detmold Lugert&hellip;&nbsp;<a href="https://www.eche.at/en/lehrend-taetigkeit-als-dozentin/" rel="bookmark">Read More &raquo;<span class="screen-reader-text">lehrend &#8211; Tätigkeit als Dozentin</span></a></p>
